{"id":2090,"date":"2022-06-17T06:48:57","date_gmt":"2022-06-17T06:48:57","guid":{"rendered":"https:\/\/cuieet29.webs.upv.es\/?page_id=2090"},"modified":"2022-06-17T08:03:28","modified_gmt":"2022-06-17T08:03:28","slug":"comite-de-honor","status":"publish","type":"page","link":"https:\/\/cuieet29.webs.upv.es\/?page_id=2090","title":{"rendered":"Comit\u00e9 de Honor"},"content":{"rendered":"<p>[vc_row][vc_column]\n      <h3 class=\"section-title \"><span data-animation=\"flipInY\" data-animation-delay=\"300\" class=\"icon-inner\"><span class=\"fa-stack\"><i class=\"fa crcle fa-stack-2x\"><\/i><i class=\"fa fa-circle-check fa-stack-1x\"><\/i><\/span><\/span><span data-animation=\"fadeInRight\" data-animation-delay=\"500\" class=\"title-inner\">Comit\u00e9 de Honor <small> <\/small><\/span><\/h3>\n    [vc_column_text css=&#8221;.vc_custom_1655453006867{margin-top: 20px !important;}&#8221;]<\/p>\n<table width=\"1095\">\n<tbody>\n<tr>\n<td width=\"250\">D. Jos\u00e9 Esteban Capilla Rom\u00e1<\/td>\n<td width=\"845\">Rector de la Universitat Polit\u00e8cnica de Val\u00e8ncia<\/td>\n<\/tr>\n<tr>\n<td>D.\u00aa Teresa Riesgo Alcaide<\/td>\n<td>Secretaria General de Innovaci\u00f3n. Ministerio de Ciencia e Innovaci\u00f3n<\/td>\n<\/tr>\n<tr>\n<td>D.\u00aa Pilar Ezpeleta Piorno<\/td>\n<td>Directora General de Universidades. Conseller\u00eda de Innovaci\u00f3n, Universidades, Ciencia y Sociedad Digital<\/td>\n<\/tr>\n<tr>\n<td>D. Carlos Galiana Llorens<\/td>\n<td>Coordinador General del \u00c1rea de Educaci\u00f3n, Cultura y Deportes. Ayuntamiento de Valencia<\/td>\n<\/tr>\n<tr>\n<td>D. Jos\u00e9 Antonio Gald\u00f3n Ruiz<\/td>\n<td>Presidente del Consejo General de Colegios Oficiales de Ingenieros T\u00e9cnicos Industriales de Espa\u00f1a (COGITI)<\/td>\n<\/tr>\n<tr>\n<td>D.\u00aa Ang\u00e9lica G\u00f3mez Gonz\u00e1lez<\/td>\n<td>Decana del Colegio de Ingenieros T\u00e9cnicos Industriales de Valencia (COGITI Valencia)<\/td>\n<\/tr>\n<tr>\n<td>D. Jos\u00e9 Luis Canito Lobo<\/td>\n<td>Presidente de la Conferencia de Directores de Escuelas de Ingenier\u00eda de \u00c1mbito Industrial<\/td>\n<\/tr>\n<tr>\n<td>D. Juan Antonio Monsoriu Serra<\/td>\n<td>Director de la Escuela T\u00e9cnica Superior de Ingenier\u00eda del Dise\u00f1o (ETSID)<\/td>\n<\/tr>\n<\/tbody>\n<\/table>\n<p>[\/vc_column_text][\/vc_column][\/vc_row][vc_row][vc_column][\/vc_column][\/vc_row]<\/p>\n","protected":false},"excerpt":{"rendered":"<p>[vc_row][vc_column][vc_column_text css=&#8221;.vc_custom_1655453006867{margin-top: 20px !important;}&#8221;] D. Jos\u00e9 Esteban Capilla Rom\u00e1 Rector de la Universitat Polit\u00e8cnica de Val\u00e8ncia D.\u00aa Teresa Riesgo Alcaide Secretaria General de Innovaci\u00f3n. Ministerio de Ciencia e Innovaci\u00f3n D.\u00aa Pilar Ezpeleta Piorno Directora General de Universidades. Conseller\u00eda de Innovaci\u00f3n, Universidades, Ciencia<\/p>\n","protected":false},"author":1,"featured_media":0,"parent":0,"menu_order":0,"comment_status":"closed","ping_status":"closed","template":"","meta":{"footnotes":""},"class_list":["post-2090","page","type-page","status-publish","hentry"],"yoast_head":"<!-- This site is optimized with the Yoast SEO plugin v27.5 - https:\/\/yoast.com\/product\/yoast-seo-wordpress\/ -->\n<title>Comit\u00e9 de Honor - CUIEET29<\/title>\n<meta name=\"robots\" content=\"index, follow, max-snippet:-1, max-image-preview:large, max-video-preview:-1\" \/>\n<link rel=\"canonical\" href=\"https:\/\/cuieet29.webs.upv.es\/?page_id=2090\" \/>\n<meta property=\"og:locale\" content=\"es_ES\" \/>\n<meta property=\"og:type\" content=\"article\" \/>\n<meta property=\"og:title\" content=\"Comit\u00e9 de Honor - CUIEET29\" \/>\n<meta property=\"og:description\" content=\"[vc_row][vc_column][vc_column_text css=&#8221;.vc_custom_1655453006867{margin-top: 20px !important;}&#8221;] D. Jos\u00e9 Esteban Capilla Rom\u00e1 Rector de la Universitat Polit\u00e8cnica de Val\u00e8ncia D.\u00aa Teresa Riesgo Alcaide Secretaria General de Innovaci\u00f3n. Ministerio de Ciencia e Innovaci\u00f3n D.\u00aa Pilar Ezpeleta Piorno Directora General de Universidades. Conseller\u00eda de Innovaci\u00f3n, Universidades, Ciencia\" \/>\n<meta property=\"og:url\" content=\"https:\/\/cuieet29.webs.upv.es\/?page_id=2090\" \/>\n<meta property=\"og:site_name\" content=\"CUIEET29\" \/>\n<meta property=\"article:modified_time\" content=\"2022-06-17T08:03:28+00:00\" \/>\n<meta name=\"twitter:card\" content=\"summary_large_image\" \/>\n<meta name=\"twitter:label1\" content=\"Tiempo de lectura\" \/>\n\t<meta name=\"twitter:data1\" content=\"1 minuto\" \/>\n<script type=\"application\/ld+json\" class=\"yoast-schema-graph\">{\"@context\":\"https:\\\/\\\/schema.org\",\"@graph\":[{\"@type\":\"WebPage\",\"@id\":\"https:\\\/\\\/cuieet29.webs.upv.es\\\/?page_id=2090\",\"url\":\"https:\\\/\\\/cuieet29.webs.upv.es\\\/?page_id=2090\",\"name\":\"Comit\u00e9 de Honor - CUIEET29\",\"isPartOf\":{\"@id\":\"https:\\\/\\\/cuieet29.webs.upv.es\\\/#website\"},\"datePublished\":\"2022-06-17T06:48:57+00:00\",\"dateModified\":\"2022-06-17T08:03:28+00:00\",\"breadcrumb\":{\"@id\":\"https:\\\/\\\/cuieet29.webs.upv.es\\\/?page_id=2090#breadcrumb\"},\"inLanguage\":\"es\",\"potentialAction\":[{\"@type\":\"ReadAction\",\"target\":[\"https:\\\/\\\/cuieet29.webs.upv.es\\\/?page_id=2090\"]}]},{\"@type\":\"BreadcrumbList\",\"@id\":\"https:\\\/\\\/cuieet29.webs.upv.es\\\/?page_id=2090#breadcrumb\",\"itemListElement\":[{\"@type\":\"ListItem\",\"position\":1,\"name\":\"Portada\",\"item\":\"https:\\\/\\\/cuieet29.webs.upv.es\\\/\"},{\"@type\":\"ListItem\",\"position\":2,\"name\":\"Comit\u00e9 de Honor\"}]},{\"@type\":\"WebSite\",\"@id\":\"https:\\\/\\\/cuieet29.webs.upv.es\\\/#website\",\"url\":\"https:\\\/\\\/cuieet29.webs.upv.es\\\/\",\"name\":\"CUIEET29\",\"description\":\"CUIEET 2022\",\"publisher\":{\"@id\":\"https:\\\/\\\/cuieet29.webs.upv.es\\\/#organization\"},\"potentialAction\":[{\"@type\":\"SearchAction\",\"target\":{\"@type\":\"EntryPoint\",\"urlTemplate\":\"https:\\\/\\\/cuieet29.webs.upv.es\\\/?s={search_term_string}\"},\"query-input\":{\"@type\":\"PropertyValueSpecification\",\"valueRequired\":true,\"valueName\":\"search_term_string\"}}],\"inLanguage\":\"es\"},{\"@type\":\"Organization\",\"@id\":\"https:\\\/\\\/cuieet29.webs.upv.es\\\/#organization\",\"name\":\"Cuieet29\",\"url\":\"https:\\\/\\\/cuieet29.webs.upv.es\\\/\",\"logo\":{\"@type\":\"ImageObject\",\"inLanguage\":\"es\",\"@id\":\"https:\\\/\\\/cuieet29.webs.upv.es\\\/#\\\/schema\\\/logo\\\/image\\\/\",\"url\":\"https:\\\/\\\/cuieet29.webs.upv.es\\\/wp-content\\\/uploads\\\/2022\\\/04\\\/cuieet29_tw.gif\",\"contentUrl\":\"https:\\\/\\\/cuieet29.webs.upv.es\\\/wp-content\\\/uploads\\\/2022\\\/04\\\/cuieet29_tw.gif\",\"width\":1024,\"height\":512,\"caption\":\"Cuieet29\"},\"image\":{\"@id\":\"https:\\\/\\\/cuieet29.webs.upv.es\\\/#\\\/schema\\\/logo\\\/image\\\/\"},\"sameAs\":[\"https:\\\/\\\/www.instagram.com\\\/@cuieet_29\"]}]}<\/script>\n<!-- \/ Yoast SEO plugin. -->","yoast_head_json":{"title":"Comit\u00e9 de Honor - CUIEET29","robots":{"index":"index","follow":"follow","max-snippet":"max-snippet:-1","max-image-preview":"max-image-preview:large","max-video-preview":"max-video-preview:-1"},"canonical":"https:\/\/cuieet29.webs.upv.es\/?page_id=2090","og_locale":"es_ES","og_type":"article","og_title":"Comit\u00e9 de Honor - CUIEET29","og_description":"[vc_row][vc_column][vc_column_text css=&#8221;.vc_custom_1655453006867{margin-top: 20px !important;}&#8221;] D. Jos\u00e9 Esteban Capilla Rom\u00e1 Rector de la Universitat Polit\u00e8cnica de Val\u00e8ncia D.\u00aa Teresa Riesgo Alcaide Secretaria General de Innovaci\u00f3n. Ministerio de Ciencia e Innovaci\u00f3n D.\u00aa Pilar Ezpeleta Piorno Directora General de Universidades. Conseller\u00eda de Innovaci\u00f3n, Universidades, Ciencia","og_url":"https:\/\/cuieet29.webs.upv.es\/?page_id=2090","og_site_name":"CUIEET29","article_modified_time":"2022-06-17T08:03:28+00:00","twitter_card":"summary_large_image","twitter_misc":{"Tiempo de lectura":"1 minuto"},"schema":{"@context":"https:\/\/schema.org","@graph":[{"@type":"WebPage","@id":"https:\/\/cuieet29.webs.upv.es\/?page_id=2090","url":"https:\/\/cuieet29.webs.upv.es\/?page_id=2090","name":"Comit\u00e9 de Honor - CUIEET29","isPartOf":{"@id":"https:\/\/cuieet29.webs.upv.es\/#website"},"datePublished":"2022-06-17T06:48:57+00:00","dateModified":"2022-06-17T08:03:28+00:00","breadcrumb":{"@id":"https:\/\/cuieet29.webs.upv.es\/?page_id=2090#breadcrumb"},"inLanguage":"es","potentialAction":[{"@type":"ReadAction","target":["https:\/\/cuieet29.webs.upv.es\/?page_id=2090"]}]},{"@type":"BreadcrumbList","@id":"https:\/\/cuieet29.webs.upv.es\/?page_id=2090#breadcrumb","itemListElement":[{"@type":"ListItem","position":1,"name":"Portada","item":"https:\/\/cuieet29.webs.upv.es\/"},{"@type":"ListItem","position":2,"name":"Comit\u00e9 de Honor"}]},{"@type":"WebSite","@id":"https:\/\/cuieet29.webs.upv.es\/#website","url":"https:\/\/cuieet29.webs.upv.es\/","name":"CUIEET29","description":"CUIEET 2022","publisher":{"@id":"https:\/\/cuieet29.webs.upv.es\/#organization"},"potentialAction":[{"@type":"SearchAction","target":{"@type":"EntryPoint","urlTemplate":"https:\/\/cuieet29.webs.upv.es\/?s={search_term_string}"},"query-input":{"@type":"PropertyValueSpecification","valueRequired":true,"valueName":"search_term_string"}}],"inLanguage":"es"},{"@type":"Organization","@id":"https:\/\/cuieet29.webs.upv.es\/#organization","name":"Cuieet29","url":"https:\/\/cuieet29.webs.upv.es\/","logo":{"@type":"ImageObject","inLanguage":"es","@id":"https:\/\/cuieet29.webs.upv.es\/#\/schema\/logo\/image\/","url":"https:\/\/cuieet29.webs.upv.es\/wp-content\/uploads\/2022\/04\/cuieet29_tw.gif","contentUrl":"https:\/\/cuieet29.webs.upv.es\/wp-content\/uploads\/2022\/04\/cuieet29_tw.gif","width":1024,"height":512,"caption":"Cuieet29"},"image":{"@id":"https:\/\/cuieet29.webs.upv.es\/#\/schema\/logo\/image\/"},"sameAs":["https:\/\/www.instagram.com\/@cuieet_29"]}]}},"_links":{"self":[{"href":"https:\/\/cuieet29.webs.upv.es\/index.php?rest_route=\/wp\/v2\/pages\/2090","targetHints":{"allow":["GET"]}}],"collection":[{"href":"https:\/\/cuieet29.webs.upv.es\/index.php?rest_route=\/wp\/v2\/pages"}],"about":[{"href":"https:\/\/cuieet29.webs.upv.es\/index.php?rest_route=\/wp\/v2\/types\/page"}],"author":[{"embeddable":true,"href":"https:\/\/cuieet29.webs.upv.es\/index.php?rest_route=\/wp\/v2\/users\/1"}],"replies":[{"embeddable":true,"href":"https:\/\/cuieet29.webs.upv.es\/index.php?rest_route=%2Fwp%2Fv2%2Fcomments&post=2090"}],"version-history":[{"count":3,"href":"https:\/\/cuieet29.webs.upv.es\/index.php?rest_route=\/wp\/v2\/pages\/2090\/revisions"}],"predecessor-version":[{"id":2103,"href":"https:\/\/cuieet29.webs.upv.es\/index.php?rest_route=\/wp\/v2\/pages\/2090\/revisions\/2103"}],"wp:attachment":[{"href":"https:\/\/cuieet29.webs.upv.es\/index.php?rest_route=%2Fwp%2Fv2%2Fmedia&parent=2090"}],"curies":[{"name":"wp","href":"https:\/\/api.w.org\/{rel}","templated":true}]}}

Comité de Honor

<p>[vc_row][vc_column]
      <h3 class="section-title "><span data-animation="flipInY" data-animation-delay="300" class="icon-inner"><span class="fa-stack"><i class="fa crcle fa-stack-2x"></i><i class="fa fa-circle-check fa-stack-1x"></i></span></span><span data-animation="fadeInRight" data-animation-delay="500" class="title-inner">Comité de Honor <small> </small></span></h3>
    [vc_column_text css=&#8221;.vc_custom_1655453006867{margin-top: 20px !important;}&#8221;]</p>
<table width="1095">
<tbody>
<tr>
<td width="250">D. José Esteban Capilla Romá</td>
<td width="845">Rector de la Universitat Politècnica de València</td>
</tr>
<tr>
<td>D.ª Teresa Riesgo Alcaide</td>
<td>Secretaria General de Innovación. Ministerio de Ciencia e Innovación</td>
</tr>
<tr>
<td>D.ª Pilar Ezpeleta Piorno</td>
<td>Directora General de Universidades. Consellería de Innovación, Universidades, Ciencia y Sociedad Digital</td>
</tr>
<tr>
<td>D. Carlos Galiana Llorens</td>
<td>Coordinador General del Área de Educación, Cultura y Deportes. Ayuntamiento de Valencia</td>
</tr>
<tr>
<td>D. José Antonio Galdón Ruiz</td>
<td>Presidente del Consejo General de Colegios Oficiales de Ingenieros Técnicos Industriales de España (COGITI)</td>
</tr>
<tr>
<td>D.ª Angélica Gómez González</td>
<td>Decana del Colegio de Ingenieros Técnicos Industriales de Valencia (COGITI Valencia)</td>
</tr>
<tr>
<td>D. José Luis Canito Lobo</td>
<td>Presidente de la Conferencia de Directores de Escuelas de Ingeniería de Ámbito Industrial</td>
</tr>
<tr>
<td>D. Juan Antonio Monsoriu Serra</td>
<td>Director de la Escuela Técnica Superior de Ingeniería del Diseño (ETSID)</td>
</tr>
</tbody>
</table>
<p>[/vc_column_text][/vc_column][/vc_row][vc_row][vc_column][/vc_column][/vc_row]</p>

<p>[vc_row][vc_column][vc_column_text css=&#8221;.vc_custom_1655453006867{margin-top: 20px !important;}&#8221;] D. José Esteban Capilla Romá Rector de la Universitat Politècnica de València D.ª Teresa Riesgo Alcaide Secretaria General de Innovación. Ministerio de Ciencia e Innovación D.ª Pilar Ezpeleta Piorno Directora General de Universidades. Consellería de Innovación, Universidades, Ciencia</p>

<!-- This site is optimized with the Yoast SEO plugin v27.5 - https://yoast.com/product/yoast-seo-wordpress/ -->
<title>Comité de Honor - CUIEET29</title>
<meta name="robots" content="index, follow, max-snippet:-1, max-image-preview:large, max-video-preview:-1" />
<link rel="canonical" href="https://cuieet29.webs.upv.es/?page_id=2090" />
<meta property="og:locale" content="es_ES" />
<meta property="og:type" content="article" />
<meta property="og:title" content="Comité de Honor - CUIEET29" />
<meta property="og:description" content="[vc_row][vc_column][vc_column_text css=&#8221;.vc_custom_1655453006867{margin-top: 20px !important;}&#8221;] D. José Esteban Capilla Romá Rector de la Universitat Politècnica de València D.ª Teresa Riesgo Alcaide Secretaria General de Innovación. Ministerio de Ciencia e Innovación D.ª Pilar Ezpeleta Piorno Directora General de Universidades. Consellería de Innovación, Universidades, Ciencia" />
<meta property="og:url" content="https://cuieet29.webs.upv.es/?page_id=2090" />
<meta property="og:site_name" content="CUIEET29" />
<meta property="article:modified_time" content="2022-06-17T08:03:28+00:00" />
<meta name="twitter:card" content="summary_large_image" />
<meta name="twitter:label1" content="Tiempo de lectura" />
	<meta name="twitter:data1" content="1 minuto" />
<script type="application/ld+json" class="yoast-schema-graph">{"@context":"https:\/\/schema.org","@graph":[{"@type":"WebPage","@id":"https:\/\/cuieet29.webs.upv.es\/?page_id=2090","url":"https:\/\/cuieet29.webs.upv.es\/?page_id=2090","name":"Comité de Honor - CUIEET29","isPartOf":{"@id":"https:\/\/cuieet29.webs.upv.es\/#website"},"datePublished":"2022-06-17T06:48:57+00:00","dateModified":"2022-06-17T08:03:28+00:00","breadcrumb":{"@id":"https:\/\/cuieet29.webs.upv.es\/?page_id=2090#breadcrumb"},"inLanguage":"es","potentialAction":[{"@type":"ReadAction","target":["https:\/\/cuieet29.webs.upv.es\/?page_id=2090"]}]},{"@type":"BreadcrumbList","@id":"https:\/\/cuieet29.webs.upv.es\/?page_id=2090#breadcrumb","itemListElement":[{"@type":"ListItem","position":1,"name":"Portada","item":"https:\/\/cuieet29.webs.upv.es\/"},{"@type":"ListItem","position":2,"name":"Comité de Honor"}]},{"@type":"WebSite","@id":"https:\/\/cuieet29.webs.upv.es\/#website","url":"https:\/\/cuieet29.webs.upv.es\/","name":"CUIEET29","description":"CUIEET 2022","publisher":{"@id":"https:\/\/cuieet29.webs.upv.es\/#organization"},"potentialAction":[{"@type":"SearchAction","target":{"@type":"EntryPoint","urlTemplate":"https:\/\/cuieet29.webs.upv.es\/?s={search_term_string}"},"query-input":{"@type":"PropertyValueSpecification","valueRequired":true,"valueName":"search_term_string"}}],"inLanguage":"es"},{"@type":"Organization","@id":"https:\/\/cuieet29.webs.upv.es\/#organization","name":"Cuieet29","url":"https:\/\/cuieet29.webs.upv.es\/","logo":{"@type":"ImageObject","inLanguage":"es","@id":"https:\/\/cuieet29.webs.upv.es\/#\/schema\/logo\/image\/","url":"https:\/\/cuieet29.webs.upv.es\/wp-content\/uploads\/2022\/04\/cuieet29_tw.gif","contentUrl":"https:\/\/cuieet29.webs.upv.es\/wp-content\/uploads\/2022\/04\/cuieet29_tw.gif","width":1024,"height":512,"caption":"Cuieet29"},"image":{"@id":"https:\/\/cuieet29.webs.upv.es\/#\/schema\/logo\/image\/"},"sameAs":["https:\/\/www.instagram.com\/@cuieet_29"]}]}</script>
<!-- / Yoast SEO plugin. -->

Comité de Honor - CUIEET29

[vc_row][vc_column][vc_column_text css=&#8221;.vc_custom_1655453006867{margin-top: 20px !important;}&#8221;] D. José Esteban Capilla Romá Rector de la Universitat Politècnica de València D.ª Teresa Riesgo Alcaide Secretaria General de Innovación. Ministerio de Ciencia e Innovación D.ª Pilar Ezpeleta Piorno Directora General de Universidades. Consellería de Innovación, Universidades, Ciencia
